 23
Suppose 12*k = 5*k - 497. Suppose v - 2*v + 102 = 0. Let g = k + v. What are the prime factors of g?
31
Let n = -18 + 9. Let a = -8 - n. Let s(o) = 24*o. List the prime factors of s(a).
2, 3
What are the prime factors of ((-9252)/45)/(2 - 33/15)?
2, 257
Let b(f) = 4*f**2 - f - 72. What are the prime factors of b(-18)?
2, 3, 23
Suppose -6*n - 11 + 119 = 0. List the prime factors of n.
2, 3
Suppose 67 + 5 = 8*w. Suppose -98 = -3*t - l + w, 3*t - 104 = -4*l. List the prime factors of t.
2, 3
Let r = -234 - -961. List the prime factors of r.
727
Let x be (0 - 3)/((-329)/(-83) - 4). Suppose 0*g - g = -4*b - x, -3*g = -4*b - 265. What are the prime factors of g?
7, 13
Let t = -84 - -80. List the prime factors of (44/(-6) - t)*-45.
2, 3, 5
Let f = 11 - 8. Suppose 98 - 26 = d - f*s, 2*s - 358 = -4*d. What are the prime factors of d?
3, 29
Let j = 24 + -19. Suppose -w + 0*w - 4*a = -10, 5*w - j*a + 25 = 0. What are the prime factors of -11*w/(-2 + 4)?
11
Let a(d) = d**2 - 4*d. Let g be a(6). List the prime factors of g + -8 - 165*-1.
13
Let m(t) = -752*t + 11. What are the prime factors of m(-1)?
7, 109
Suppose -5*p + 7 + 28 = 0. What are the prime factors of 996/42 - (-2)/p?
2, 3
Let m(k) be the first derivative of -k**2/2 - k + 2. Let f be m(-6). Suppose 4*a - f = 55. List the prime factors of a.
3, 5
Suppose 2*n - 6*n + 1440 = -5*m, -2*m + 373 = n. List the prime factors of n.
5, 73
Let r = -33 + 14. Let y = r - -24. Suppose -y = 2*x - 33. What are the prime factors of x?
2, 7
Suppose 3*k = 12, -1540 = -4*x - 4*k - k. Suppose 4*l + 2*a = 374, 4*l = 3*a + a + x. Suppose -l + 38 = -p. What are the prime factors of p?
2, 7
List the prime factors of (3 + 1299/6)*(0 + 4).
2, 439
Let h(i) = -i**2 + 6*i + 30. Let p be h(9). Suppose 2*u + p*u = 520. What are the prime factors of u?
2, 13
Suppose p + 64 - 10 = 0. List the prime factors of (-112)/(-21)*p/(-4).
2, 3
Let w(a) = a + 20 + 41 + 0*a - 46. List the prime factors of w(4).
19
Suppose 2*t = -2*t - 16. Let p be 2/t + (-10)/(-4). What are the prime factors of p/(-7) + (-955)/(-35)?
3
Suppose 3*s + 24 + 0 = 0. Let f(p) = 3*p**2 + 3*p - 3. List the prime factors of f(s).
3, 5, 11
Suppose -7*m = -4*m + 6, 4*m + 1023 = 5*o. Let y = -12 + o. List the prime factors of y.
191
Suppose 5*z = 5*t + 1985, -2*z - 3*t - 2*t + 822 = 0. List the prime factors of z.
401
Let k be 2/(-14) + (-11808)/(-42). Let g = -201 + k. What are the prime factors of g?
2, 5
Let g = -1022 + 2095. List the prime factors of g.
29, 37
Let a = 112 - 14. What are the prime factors of a?
2, 7
Let g be -1*3*327/9. Let y = 173 + g. Suppose 71 = 3*f - 2*k, -f - f + y = 2*k. List the prime factors of f.
3
Let a = -12 - -14. Let b be (-1)/((a*-2)/16). Suppose b*i - 13 = 11. What are the prime factors of i?
2, 3
Suppose -11 = -6*a + 1. Suppose -5*x = -4*k + 676, a*k - 235 = 4*x + 97. What are the prime factors of k?
2, 3, 29
Suppose -1 = -w + 3. Suppose w*s + 3*z = 14, -s = s - 4*z + 4. Suppose 78 = q + s*n, -3*q + 0*n + 5*n + 212 = 0. List the prime factors of q.
2, 37
Let i = -110 + 61. List the prime factors of (110/(-7))/(7/i).
2, 5, 11
Suppose r + 4*r - d = 215, d = 0. Suppose -r = -2*t + 39. What are the prime factors of t?
41
Let u be 64/(-6)*1*(-12)/8. Let q(x) = 10*x + 17. List the prime factors of q(u).
3, 59
Let d be ((-112)/(-24) - (0 + -1))*6. Suppose -440 = -39*o + d*o. What are the prime factors of o?
2, 11
Suppose 48*p = -13*p + 8540. List the prime factors of p.
2, 5, 7
Suppose 3*u + z - 8 = -26, 6 = -u + 4*z. Let t(n) = -n + 1. Let g(f) = -f + 1. Let m(w) = 8*g(w) - 5*t(w). List the prime factors of m(u).
3, 7
Let k(i) = 3*i + 156. Let x be k(0). Suppose -s = -4*s + x. Suppose -4*y + 5*t = -y - s, -2*y = -4*t - 36. List the prime factors of y.
2, 7
Let p(r) = 2*r + 4. Let y be p(0). Let b = y - 4. Suppose 5*k - 5*g - 35 = 0, b = 2*k - 5*g - 26. List the prime factors of k.
3
Suppose 7705 = 8*m - 12719. What are the prime factors of m?
3, 23, 37
Suppose 538 = 2*f - 620. List the prime factors of f.
3, 193
Let t(s) be the second derivative of s**5/20 - 5*s**4/12 + s**3/3 + 2*s**2 - 13*s. Let i be t(4). List the prime factors of 4 - (i/(-2) - 35).
37
Suppose 0 = 5*d - 2*u + 5*u - 265, -4*d - u + 205 = 0. Suppose -45 = -y + d. What are the prime factors of y?
5, 19
Let n = -4 - -8. Suppose -4*w + 0 = n. What are the prime factors of w/(-3*(-2)/(-426))?
71
Suppose -5*w = -b - 3, -2 = -2*w + b + 1. Let g be ((-3)/(-9))/((-2)/(-18)). Suppose -q - g*q + 12 = w. What are the prime factors of q?
3
What are the prime factors of (1 - -35)*34/4 + -4?
2, 151
Let a(q) = q**2 + 0*q - 3*q + 4*q + 32 - 9*q. List the prime factors of a(12).
2, 5
Suppose 4*k - 2140 - 4744 = 0. List the prime factors of k.
1721
Let l(o) = -267*o - 1 - o**2 + 535*o - 272*o. Let c be 2*-1*2 + 2. What are the prime factors of l(c)?
3
Let p(v) = v**3 + 6*v**2 - 3*v - 10. Let y be p(-6). Let c(h) = h**2 + 5 + 1 + 4 - 9*h. List the prime factors of c(y).
2
Let p(j) = -5*j - 16. Let m be p(-8). Let w be (-84)/(-32) + 9/m. Suppose 5*n = -0*c + 4*c + 28, w = c. List the prime factors of n.
2
Let x(i) = -3372*i - 9. List the prime factors of x(-1).
3, 19, 59
Let i(h) = 11*h**2 + h - 10. Let j = -99 - -104. List the prime factors of i(j).
2, 3, 5
Suppose 0*h = 4*h - 1308. Suppose 5*b = 4*n - 2*n + 411, n + h = 4*b. List the prime factors of b.
3
Let v(z) = 2*z**2 + 10. Let m be v(-12). Suppose 5*r + 4*i - m = 0, -4*r = i - 265 + 20. List the prime factors of r.
2, 31
Let c = 1299 - -23. List the prime factors of c.
2, 661
Let y = 140 + -36. Suppose y + 136 = 5*i. What are the prime factors of i?
2, 3
Let h = 633 - 434. List the prime factors of h.
199
Let b be 178/3 + 5/(-15). Suppose 5*x - 72 = 7*x. Let m = b + x. What are the prime factors of m?
23
Suppose -w + 29 = 2*d - 6*d, -3*w + 2*d + 77 = 0. Suppose 40 - 5 = 5*z - 3*g, -4*z + 3*g = -w. Let s = 26 + z. What are the prime factors of s?
2, 3
Let n be ((-16)/10)/(42/1785). Let a = n - -121. List the prime factors of a.
53
Let y = 919 - 364. List the prime factors of y.
3, 5, 37
Suppose -1 = 5*p - 1. Suppose 0*r - 3*r + 51 = p. List the prime factors of r.
17
Let r = -3 + 0. Let n be (6/r + 6)*-2. Let j(h) = -3*h - 5. List the prime factors of j(n).
19
Let r(m) be the first derivative of -14*m - 1/3*m**3 - 8*m**2 - 3. List the prime factors of r(-12).
2, 17
Suppose 25*c - 140355 = -20*c. List the prime factors of c.
3119
Let v(c) be the second derivative of -c**5/20 + 19*c**4/12 + c**3 - 14*c**2 + 9*c. What are the prime factors of v(19)?
2, 43
Suppose -11*z + 16000 = 14*z. List the prime factors of z.
2, 5
Let c = 245 + 366. What are the prime factors of c?
13, 47
Suppose -2*t = 3*t + 10. Let o be (-7)/t*-2*-3. Let x = o + -11. List the prime factors of x.
2, 5
Suppose -4*k - 3265 = -9*k. List the prime factors of k.
653
Let w = 20 - 19. List the prime factors of 0 - w - 1580/(-20).
2, 3, 13
Let s be 757 - ((2 - 6) + 6). Let y = -114 - s. List the prime factors of 52/(-442) - y/17.
3, 17
Suppose 486 = -16*x + 4518. What are the prime factors of x?
2, 3, 7
Suppose 5*r - 3*p - 405 = 0, 3*r - 2*p + 3*p = 229. Suppose 0 = -3*y + 4*y. Suppose 4*g = a + r, -10 = 5*a - y*a. List the prime factors of g.
19
List the prime factors of (-849 + 5)*(-3)/3.
2, 211
Let x = -2161 + 4199. What are the prime factors of x?
2, 1019
Suppose -7*a + 3*a = 16. List the prime factors of (-9)/(-3*a/(-84)).
3, 7
Let w(r) = 93*r - 399. What are the prime factors of w(39)?
2, 3, 269
Let l(o) = -o**3 + 10*o**2 - 8*o - 4. Let j be l(9). Suppose 0 = -t - j*p + 84, -3*t + p + 378 = t. List the prime factors of t.
2, 47
Let f be (8 + -10)/((-2)/1898). Suppose 7*c + 484 = f. What are the prime factors of c?
2, 101
Let y = -4314 + 415. List the prime factors of y/(-91) - (-4)/26.
43
Let b(l) = -l**3 + 6*l**2 + 9*l + 10. Suppose -3*j + 4*d + 5 = 0, j - 17 = -2*j + d. List the prime factors of b(j).
2, 3
Let g(f) = 29*f - 38*f - 50*f + 6. Let o be g(6). List the prime factors of (-2)/6 + o/(-18).
19
Let b(m) = -m - 6*m - 24 - m**2 - 7*m - 20*m. List the prime factors of b(-11).
229
Let r = 2323 + -1376. List the prime factors of r.
947
Let t = -8 + 10. List the prime factors of 3 - (1/(-2))/(t/388).
2, 5
Let p = 108 - 103. Suppose 5*z + 0*y + y - 1156 =